{"id":763,"date":"2024-04-25T09:04:33","date_gmt":"2024-04-25T09:04:33","guid":{"rendered":"https:\/\/alphaterapi.no\/?page_id=763"},"modified":"2024-04-25T10:23:43","modified_gmt":"2024-04-25T10:23:43","slug":"sjalusi","status":"publish","type":"page","link":"https:\/\/alphaterapi.no\/index.php\/sjalusi\/","title":{"rendered":"Sjalusi"},"content":{"rendered":"\n<h2 class=\"wp-block-heading has-text-align-center has-vivid-cyan-blue-color has-text-color has-link-color has-xx-large-font-size wp-elements-b91269594b7fda195546a09a2245d147\">Gj\u00f8r sjalusi til inspirasjon og motivasjon.<\/h2>\n\n\n\n<p><\/p>\n\n\n\n<h2 class=\"wp-block-heading has-text-align-center has-light-green-cyan-color has-text-color has-link-color has-x-large-font-size wp-elements-5eead35b14fb235b5b2793a82bcdc52e\">Opplever Du at Sjalusien er i ferd med \u00e5 \u00f8delegge forholdet Ditt?<\/h2>\n\n\n\n<p><\/p>\n\n\n\n<h2 class=\"wp-block-heading has-text-align-center has-light-green-cyan-color has-text-color has-link-color wp-elements-2455616778e273128a83d0e4be31fa9f\">Og at det Gr\u00f8nn\u00f8yde monsteret er i ferd med \u00e5 stjele livskvaliteten din?<\/h2>\n\n\n\n<p><\/p>\n\n\n\n<h2 class=\"wp-block-heading has-text-align-center has-light-green-cyan-color has-text-color has-link-color has-x-large-font-size wp-elements-792c3e85d75cae77eb7558dc4e79e5cc\">Sjalusi er en uvanlig f\u00f8lelse ved at det er en f\u00f8lelse forankret i andre f\u00f8lelser.<\/h2>\n\n\n\n<p><\/p>\n\n\n\n<p>Ofte ligger roten til sjalusi i usikkerhet og den kan ogs\u00e5 v\u00e6re forankret i ting som frykt for \u00e5 bli erstattet, frykt for tap, og s\u00e5 videre. Det er ingen tvil om at sjalusi er en kilde til stor personlig elendighet og <mark style=\"background-color:rgba(0, 0, 0, 0);color:#7bdcb5\" class=\"has-inline-color\">en f\u00f8lelse med vidtrekkende sosiale konsekvenser.<\/mark><\/p>\n\n\n\n<p>Sjalusi er en kompleks f\u00f8lelse som omfatter f\u00f8lelser som spenner fra raseri og ydmykelse til frykt for \u00e5 bli forlatt. Sjalusi rammer b\u00e5de menn og kvinner og er mest typisk vekket n\u00e5r en person oppfatter en trussel, reell eller oppfattet, mot et verdsatt forhold fra en tredjepart.<\/p>\n\n\n\n<p>Det er ikke begrenset til romantiske forhold, men kan ogs\u00e5 oppst\u00e5 blant s\u00f8sken som konkurrerer om foreldrenes oppmerksomhet eller i vennskap.<\/p>\n\n\n\n<p>Hva sjalusi handler om? <mark style=\"background-color:rgba(0, 0, 0, 0);color:#ff0000\" class=\"has-inline-color\"><strong>FRYKT<\/strong><\/mark><\/p>\n\n\n\n<ul class=\"wp-block-list\">\n<li class=\"has-large-font-size\"><mark style=\"background-color:rgba(0, 0, 0, 0);color:#7bdcb5\" class=\"has-inline-color\">Frykt for endring<\/mark><\/li>\n\n\n\n<li class=\"has-large-font-size\"><mark style=\"background-color:rgba(0, 0, 0, 0);color:#7bdcb5\" class=\"has-inline-color\">Frykt for \u00e5 bli forlatt<\/mark><\/li>\n\n\n\n<li class=\"has-large-font-size\"><mark style=\"background-color:rgba(0, 0, 0, 0);color:#7bdcb5\" class=\"has-inline-color\">Frykt for \u00e5 miste kontroll og  makt<\/mark><\/li>\n\n\n\n<li class=\"has-large-font-size\"><mark style=\"background-color:rgba(0, 0, 0, 0);color:#7bdcb5\" class=\"has-inline-color\">Frykt for tap<\/mark><\/li>\n\n\n\n<li class=\"has-large-font-size\">Med mer.<\/li>\n<\/ul>\n\n\n\n<p><\/p>\n\n\n\n<p><\/p>\n\n\n\n<h2 class=\"wp-block-heading has-text-align-center\">Delta p\u00e5 &#8220;<mark style=\"background-color:rgba(0, 0, 0, 0);color:#7bdcb5\" class=\"has-inline-color\">The Green-Eyed Monster<\/mark>&#8221; workshop<\/h2>\n\n\n\n<ul class=\"wp-block-list\">\n<li class=\"has-large-font-size\">L\u00e6r Hvordan du kan temme det enkelt.<\/li>\n\n\n\n<li class=\"has-large-font-size\">L\u00e6r \u00e5 overvinne og ta kontroll over monsteret.<\/li>\n\n\n\n<li class=\"has-large-font-size\">L\u00e6r \u00e5 avbalansere sinnet ditt og gjenvinn partnerens tillit allerede ett f\u00f8rte helg.<\/li>\n\n\n\n<li class=\"has-large-font-size\">Riv deg l\u00f8s fra Grepet den har p\u00e5 deg og opplev EKTE frihet.<\/li>\n<\/ul>\n\n\n\n<p><\/p>\n\n\n\n<p><\/p>\n\n\n\n<h2 class=\"wp-block-heading has-text-align-center has-vivid-red-color has-text-color has-link-color wp-elements-0b2e4b1d36ff68c5198ef186e4c66a49\">Alle v\u00e5re kurs og workshop kan ogs\u00e5 bestilles en til en og man beh\u00f8ver ikke \u00e5 delta sammen med en gruppe mennesker. Terapeuten kommer hjem til deg.<\/h2>\n","protected":false},"excerpt":{"rendered":"<p>Gj\u00f8r sjalusi til inspirasjon og motivasjon. Opplever Du at Sjalusien er i ferd med \u00e5 \u00f8delegge forholdet Ditt? Og at det Gr\u00f8nn\u00f8yde monsteret er i ferd med \u00e5 stjele&#8230;<\/p>\n","protected":false},"author":1,"featured_media":0,"parent":0,"menu_order":0,"comment_status":"closed","ping_status":"closed","template":"","meta":{"_price":"","_stock":"","_tribe_ticket_header":"","_tribe_default_ticket_provider":"","_tribe_ticket_capacity":"0","_ticket_start_date":"","_ticket_end_date":"","_tribe_ticket_show_description":"","_tribe_ticket_show_not_going":false,"_tribe_ticket_use_global_stock":"","_tribe_ticket_global_stock_level":"","_global_stock_mode":"","_global_stock_cap":"","_tribe_rsvp_for_event":"","_tribe_ticket_going_count":"","_tribe_ticket_not_going_count":"","_tribe_tickets_list":"[]","_tribe_ticket_has_attendee_info_fields":false,"_EventAllDay":false,"_EventTimezone":"","_EventStartDate":"","_EventEndDate":"","_EventStartDateUTC":"","_EventEndDateUTC":"","_EventShowMap":false,"_EventShowMapLink":false,"_EventURL":"","_EventCost":"","_EventCostDescription":"","_EventCurrencySymbol":"","_EventCurrencyCode":"","_EventCurrencyPosition":"","_EventDateTimeSeparator":"","_EventTimeRangeSeparator":"","_EventOrganizerID":[],"_EventVenueID":[],"_OrganizerEmail":"","_OrganizerPhone":"","_OrganizerWebsite":"","_VenueAddress":"","_VenueCity":"","_VenueCountry":"","_VenueProvince":"","_VenueState":"","_VenueZip":"","_VenuePhone":"","_VenueURL":"","_VenueStateProvince":"","_VenueLat":"","_VenueLng":"","_VenueShowMap":false,"_VenueShowMapLink":false,"footnotes":""},"class_list":["post-763","page","type-page","status-publish","hentry"],"ticketed":false,"_links":{"self":[{"href":"https:\/\/alphaterapi.no\/index.php\/wp-json\/wp\/v2\/pages\/763","targetHints":{"allow":["GET"]}}],"collection":[{"href":"https:\/\/alphaterapi.no\/index.php\/wp-json\/wp\/v2\/pages"}],"about":[{"href":"https:\/\/alphaterapi.no\/index.php\/wp-json\/wp\/v2\/types\/page"}],"author":[{"embeddable":true,"href":"https:\/\/alphaterapi.no\/index.php\/wp-json\/wp\/v2\/users\/1"}],"replies":[{"embeddable":true,"href":"https:\/\/alphaterapi.no\/index.php\/wp-json\/wp\/v2\/comments?post=763"}],"version-history":[{"count":8,"href":"https:\/\/alphaterapi.no\/index.php\/wp-json\/wp\/v2\/pages\/763\/revisions"}],"predecessor-version":[{"id":779,"href":"https:\/\/alphaterapi.no\/index.php\/wp-json\/wp\/v2\/pages\/763\/revisions\/779"}],"wp:attachment":[{"href":"https:\/\/alphaterapi.no\/index.php\/wp-json\/wp\/v2\/media?parent=763"}],"curies":[{"name":"wp","href":"https:\/\/api.w.org\/{rel}","templated":true}]}}