{"id":33,"date":"2024-03-07T08:40:22","date_gmt":"2024-03-07T08:40:22","guid":{"rendered":"https:\/\/kentatheme.com\/kenta-creato\/?page_id=16"},"modified":"2024-04-08T06:08:06","modified_gmt":"2024-04-08T06:08:06","slug":"home","status":"publish","type":"page","link":"https:\/\/alphaterapi.no\/","title":{"rendered":"alphaterapi"},"content":{"rendered":"\n<div class=\"wp-block-group is-layout-constrained wp-container-core-group-is-layout-7d8ee49a wp-block-group-is-layout-constrained\" style=\"padding-top:0;padding-right:0;padding-bottom:0;padding-left:0\">\n<div class=\"wp-block-columns is-layout-flex wp-container-core-columns-is-layout-cf05694f wp-block-columns-is-layout-flex\">\n<div class=\"wp-block-column is-vertically-aligned-top is-layout-flow wp-block-column-is-layout-flow\" style=\"padding-top:var(--wp--preset--spacing--50);padding-right:var(--wp--preset--spacing--50);padding-bottom:var(--wp--preset--spacing--50);padding-left:var(--wp--preset--spacing--50)\">\n<h6 class=\"wp-block-heading has-primary-color has-text-color has-x-small-font-size\" style=\"text-transform:uppercase\"><\/h6>\n\n\n\n<h2 class=\"wp-block-heading\" style=\"margin-top:var(--wp--preset--spacing--30)\">Overskrift<\/h2>\n\n\n\n<p style=\"line-height:1.5\">Mitt navn er Tanvir ul Hassan og jeg har god og solid erfaring med \u00e5 hjelpe mennesker ut av fastl\u00e5ste livssituasjoner. Helt siden 2006 har jeg drevet egen praksis med \u00e5 hjelpe par, ungdom og barnefamilier til et tryggere og mer progressivt liv.\u00a0<\/p>\n\n\n\n<div class=\"wp-block-buttons is-layout-flex wp-block-buttons-is-layout-flex\" style=\"margin-top:var(--wp--preset--spacing--60)\">\n<div class=\"wp-block-button is-style-button-hover-white-bgcolor\"><a class=\"wp-block-button__link has-heading-color-color has-first-primary-gradient-gradient-background has-text-color has-background wp-element-button\" style=\"border-radius:50px;padding-top:1.2rem;padding-right:2rem;padding-bottom:1.2rem;padding-left:2rem\">Book <\/a><\/div>\n<\/div>\n<\/div>\n\n\n\n<div class=\"wp-block-column is-vertically-aligned-center is-layout-flow wp-block-column-is-layout-flow\" style=\"flex-basis:50%\">\n<figure class=\"wp-block-image size-full\"><img loading=\"lazy\" decoding=\"async\" width=\"1066\" height=\"1600\" src=\"https:\/\/alphaterapi.no\/wp-content\/uploads\/2024\/04\/WhatsApp-Bilde-2024-03-25-kl.-07.37.49_d98263f4.jpg\" alt=\"\" class=\"wp-image-378\" srcset=\"https:\/\/alphaterapi.no\/wp-content\/uploads\/2024\/04\/WhatsApp-Bilde-2024-03-25-kl.-07.37.49_d98263f4.jpg 1066w, https:\/\/alphaterapi.no\/wp-content\/uploads\/2024\/04\/WhatsApp-Bilde-2024-03-25-kl.-07.37.49_d98263f4-200x300.jpg 200w, https:\/\/alphaterapi.no\/wp-content\/uploads\/2024\/04\/WhatsApp-Bilde-2024-03-25-kl.-07.37.49_d98263f4-682x1024.jpg 682w, https:\/\/alphaterapi.no\/wp-content\/uploads\/2024\/04\/WhatsApp-Bilde-2024-03-25-kl.-07.37.49_d98263f4-768x1153.jpg 768w, https:\/\/alphaterapi.no\/wp-content\/uploads\/2024\/04\/WhatsApp-Bilde-2024-03-25-kl.-07.37.49_d98263f4-1023x1536.jpg 1023w, https:\/\/alphaterapi.no\/wp-content\/uploads\/2024\/04\/WhatsApp-Bilde-2024-03-25-kl.-07.37.49_d98263f4-600x901.jpg 600w\" sizes=\"auto, (max-width: 1066px) 100vw, 1066px\" \/><\/figure>\n<\/div>\n<\/div>\n<\/div>\n\n\n\n<div class=\"wp-block-columns is-layout-flex wp-container-core-columns-is-layout-28f84493 wp-block-columns-is-layout-flex\">\n<div class=\"wp-block-column is-layout-flow wp-block-column-is-layout-flow\">\n<p class=\"has-small-font-size\">Noen ganger m\u00f8ter vi situasjoner der ingenting vi muligens kan tenke eller gj\u00f8re ser ut til \u00e5 ha noen effekt p\u00e5 \u00e5 hjelpe oss ut av situasjonen vi f\u00f8ler oss h\u00e5pl\u00f8st fast i.<br>Det kan v\u00e6re kommunikasjon med livspartner, barna dine, jobben din eller destruktiv selvsnakk som kan f\u00f8les stagnerende.<\/p>\n\n\n\n<p class=\"has-small-font-size\"><br>Eller om du har utfordringer med psyken din som rus, alkohol, sinne, angst, selvskading, erektil dysfunksjon eller andre bekymringer jeg ikke har listet opp her.<br>Jeg kan hjelpe deg med \u00e5 f\u00e5 tilgang til ressursene fra ditt dypere, allvitende sinn og bringe dem inn i din bevissthet.\u00a0<\/p>\n\n\n\n<p class=\"has-small-font-size\"><br>Gjennom m\u00e5lrettet og effektfull terapi kan jeg hjelpe deg med \u00e5 overvinne utfordringene som holder deg fast og sammen skal vi klare \u00e5 bli kvitt den byrden for godt.<br>Det er alltid en l\u00f8sning p\u00e5 alle problemer. Noen ganger er det bare et sp\u00f8rsm\u00e5l om hvordan man reprogrammerer sinnet sitt.<\/p>\n\n\n\n<p class=\"has-small-font-size\"><br><\/p>\n<\/div>\n\n\n\n<div class=\"wp-block-column is-layout-flow wp-block-column-is-layout-flow\" style=\"flex-basis:55%\">\n<figure class=\"wp-block-embed aligncenter is-type-video is-provider-youtube wp-block-embed-youtube wp-embed-aspect-16-9 wp-has-aspect-ratio\"><div class=\"wp-block-embed__wrapper\">\n<iframe loading=\"lazy\" title=\"Demo Background Sample Video\" width=\"500\" height=\"281\" src=\"https:\/\/www.youtube.com\/embed\/K4TOrB7at0Y?feature=oembed\" frameborder=\"0\" allow=\"accelerometer; autoplay; clipboard-write; encrypted-media; gyroscope; picture-in-picture; web-share\" referrerpolicy=\"strict-origin-when-cross-origin\" allowfullscreen><\/iframe>\n<\/div><\/figure>\n<\/div>\n<\/div>\n\n\n\n<div class=\"wp-block-group is-layout-constrained wp-container-core-group-is-layout-7d8ee49a wp-block-group-is-layout-constrained\" style=\"padding-top:0;padding-right:0;padding-bottom:0;padding-left:0\"><\/div>\n","protected":false},"excerpt":{"rendered":"<p>Overskrift Mitt navn er Tanvir ul Hassan og jeg har god og solid erfaring med \u00e5 hjelpe mennesker ut av fastl\u00e5ste livssituasjoner. Helt siden 2006 har jeg drevet egen&#8230;<\/p>\n","protected":false},"author":1,"featured_media":306,"parent":0,"menu_order":0,"comment_status":"closed","ping_status":"closed","template":"","meta":{"_price":"","_stock":"","_tribe_ticket_header":"","_tribe_default_ticket_provider":"","_tribe_ticket_capacity":"0","_ticket_start_date":"","_ticket_end_date":"","_tribe_ticket_show_description":"","_tribe_ticket_show_not_going":false,"_tribe_ticket_use_global_stock":"","_tribe_ticket_global_stock_level":"","_global_stock_mode":"","_global_stock_cap":"","_tribe_rsvp_for_event":"","_tribe_ticket_going_count":"","_tribe_ticket_not_going_count":"","_tribe_tickets_list":"[]","_tribe_ticket_has_attendee_info_fields":false,"_EventAllDay":false,"_EventTimezone":"","_EventStartDate":"","_EventEndDate":"","_EventStartDateUTC":"","_EventEndDateUTC":"","_EventShowMap":false,"_EventShowMapLink":false,"_EventURL":"","_EventCost":"","_EventCostDescription":"","_EventCurrencySymbol":"","_EventCurrencyCode":"","_EventCurrencyPosition":"","_EventDateTimeSeparator":"","_EventTimeRangeSeparator":"","_EventOrganizerID":[],"_EventVenueID":[],"_OrganizerEmail":"","_OrganizerPhone":"","_OrganizerWebsite":"","_VenueAddress":"","_VenueCity":"","_VenueCountry":"","_VenueProvince":"","_VenueState":"","_VenueZip":"","_VenuePhone":"","_VenueURL":"","_VenueStateProvince":"","_VenueLat":"","_VenueLng":"","_VenueShowMap":false,"_VenueShowMapLink":false,"footnotes":""},"class_list":["post-33","page","type-page","status-publish","has-post-thumbnail","hentry"],"ticketed":false,"_links":{"self":[{"href":"https:\/\/alphaterapi.no\/index.php\/wp-json\/wp\/v2\/pages\/33","targetHints":{"allow":["GET"]}}],"collection":[{"href":"https:\/\/alphaterapi.no\/index.php\/wp-json\/wp\/v2\/pages"}],"about":[{"href":"https:\/\/alphaterapi.no\/index.php\/wp-json\/wp\/v2\/types\/page"}],"author":[{"embeddable":true,"href":"https:\/\/alphaterapi.no\/index.php\/wp-json\/wp\/v2\/users\/1"}],"replies":[{"embeddable":true,"href":"https:\/\/alphaterapi.no\/index.php\/wp-json\/wp\/v2\/comments?post=33"}],"version-history":[{"count":26,"href":"https:\/\/alphaterapi.no\/index.php\/wp-json\/wp\/v2\/pages\/33\/revisions"}],"predecessor-version":[{"id":450,"href":"https:\/\/alphaterapi.no\/index.php\/wp-json\/wp\/v2\/pages\/33\/revisions\/450"}],"wp:featuredmedia":[{"embeddable":true,"href":"https:\/\/alphaterapi.no\/index.php\/wp-json\/wp\/v2\/media\/306"}],"wp:attachment":[{"href":"https:\/\/alphaterapi.no\/index.php\/wp-json\/wp\/v2\/media?parent=33"}],"curies":[{"name":"wp","href":"https:\/\/api.w.org\/{rel}","templated":true}]}}